8*c + 580138. Determine t(-7).
-8
Let d(v) = 20181*v - 13. Give d(0).
-13
Let w(j) = 5900*j**2 - 11653*j - 291. Give w(2).
3
Let o(z) = -48608*z - 2284556. What is o(-47)?
20
Let u(f) = -f**2 - 39264*f + 432028. Give u(11).
3
Let f(n) = 49*n**2 + 3223*n - 674. What is f(-66)?
52
Let w(t) = 254073*t - 4827384. What is w(19)?
3
Let o(b) = b**3 + 23*b**2 + 12*b - 26. Give o(-5).
364
Let c(r) = -39632*r + 39677. Give c(1).
45
Let k(o) = -o**2 - 1379*o - 43066. Give k(-32).
38
Let o(g) = -2*g**3 - 219*g**2 - 468*g - 39451. Determine o(-109).
-320
Let t(k) = -13852*k - 3075157. Calculate t(-222).
-13
Let h(q) = 4*q**3 + 378*q**2 - 190*q + 608. Give h(-95).
608
Let v(r) = 37157*r - 185801. Determine v(5).
-16
Let s(c) = -672*c + 17707. Calculate s(25).
907
Let t(k) = 8650*k - 77860. What is t(9)?
-10
Let l(f) = 110*f + 10424. What is l(-95)?
-26
Let n(l) = -196*l**2 - 7270*l - 852. Determine n(-37).
-186
Let s(u) = u**3 - 266*u**2 - 516*u - 7009. Determine s(268).
-1649
Let j(f) = 10*f**3 + 150*f**2 - 693*f - 10593. Give j(-15).
-198
Let k(y) = -5*y**3 + 231*y**2 - 1818*y + 86. Give k(10).
6
Let r(o) = -40026*o - 320357. Determine r(-8).
-149
Let l(u) = u**3 - 23*u**2 - 249*u + 1217. Give l(28).
-1835
Let g(f) = -3*f**3 - 75*f**2 + 530*f + 181. Determine g(-31).
1049
Let y(d) = 2479*d - 1284182. Determine y(518).
-60
Let a(n) = 63*n**3 + 455*n**2 + 117*n + 133. Give a(-7).
0
Let f(j) = -1200*j - 2714. Give f(-2).
-314
Let y(t) = 8*t**3 + 144*t**2 + 5514*t + 99253. What is y(-18)?
1
Let r(n) = -2767*n + 38286. Determine r(14).
-452
Let j(b) = 2737*b + 29900. Calculate j(-11).
-207
Let i(n) = -1143*n + 1437. Give i(2).
-849
Let z(a) = -24262*a + 194033. Calculate z(8).
-63
Let g(b) = 2872*b + 3110387. Determine g(-1083).
11
Let z(i) = 1303*i + 119699. Determine z(-92).
-177
Let b(k) = -3*k**3 + 223*k**2 - 510*k + 444. Calculate b(72).
12
Let s(j) = 228*j + 2686. Give s(-12).
-50
Let f(a) = a**3 - 359*a**2 + 24563*a + 516. Give f(267).
249
Let k(h) = -19*h**3 + h**2 - 48*h + 2117. Calculate k(0).
2117
Let t(n) = -73*n**2 + 489*n + 148. What is t(7)?
-6
Let k(o) = 742*o**2 - 3091*o + 97. What is k(4)?
-395
Let u(z) = z**3 - 25*z**2 - 201*z + 520. What is u(-8)?
16
Let z(d) = 1244*d - 69696. Calculate z(56).
-32
Let g(u) = 5*u**3 + 26*u**2 + 6*u + 181. Calculate g(-6).
1
Let l(t) = -2*t**3 - 13*t**2 - 157*t - 548. Determine l(-5).
162
Let n(w) = -6*w**2 + 242*w - 254. What is n(39)?
58
Let a(c) = -4*c**2 - 95*c - 401. What is a(-5)?
-26
Let w(o) = -913*o - 37431. What is w(-41)?
2
Let f(o) = -5*o**3 - 1375*o**2 + 86*o + 23658. Determine f(-275).
8
Let j(o) = -o**3 - 47*o**2 - 559*o - 168. Calculate j(-24).
0
Let z(c) = c**3 - 78*c**2 - 3271*c + 3348. Give z(108).
0
Let k(t) = t**3 + 16*t**2 - 133*t - 2253. Calculate k(-13).
-17
Let z(t) = 12885*t + 1752371. Calculate z(-136).
11
Let f(j) = j**2 - 404*j + 24138. Determine f(73).
-25
Let t(h) = 865*h + 42787. Give t(-50).
-463
Let i(l) = 26906*l + 188343. Determine i(-7).
1
Let k(d) = 6866*d + 350177. Calculate k(-51).
11
Let b(o) = -2*o**3 - 428*o**2 - 524*o - 20852. Give b(-213).
22
Let d(n) = 5*n**2 + 73*n + 214. What is d(-22)?
1028
Let f(b) = -50*b**2 + 4346*b + 415. Determine f(87).
67
Let w(t) = -2*t**3 + 304*t**2 - 83*t + 12933. What is w(152)?
317
Let o(i) = 297*i**2 - 4454*i - 24. Calculate o(15).
-9
Let a(s) = -86*s**3 - 147*s**2 + 7*s + 15. Give a(-4).
3139
Let p(h) = 37*h**2 + 165*h + 179. What is p(-3)?
17
Let x(q) = -1842*q + 11614. Calculate x(6).
562
Let q(n) = -7*n**2 + 2190*n - 8771. Give q(4).
-123
Let f(q) = -120*q**2 + 3997*q - 11994. Determine f(3).
-1083
Let c(j) = -1897*j**2 + 5*j + 9. Determine c(-1).
-1893
Let t(u) = u**2 - 117*u - 331154. Calculate t(637).
86
Let q(c) = 44*c - 3004. Determine q(74).
252
Let m(k) = -2671*k - 13143. Calculate m(-5).
212
Let q(s) = -2729*s + 16721. What is q(6)?
347
Let m(p) = -3118*p + 4268541. What is m(1369)?
-1
Let m(g) = 642*g + 1928. What is m(-3)?
2
Let h(n) = 450874*n - 450874. Give h(1).
0
Let i(h) = -57*h + 2029. Determine i(29).
376
Let u(a) = -2*a**3 + 404*a**2 + 338*a + 12583. Calculate u(203).
-1221
Let k(m) = 1770*m + 8564. Give k(-5).
-286
Let j(o) = 24101*o - 1470168. What is j(61)?
-7
Let y(s) = -2897*s + 188351. Determine y(65).
46
Let m(h) = 1550*h + 93047. What is m(-60)?
47
Let i(s) = 19*s**3 + 2111*s**2 + 209*s - 1427. Determine i(-111).
16
Let x(a) = -a**2 + 54*a + 5653. Calculate x(107).
-18
Let q(o) = -6*o**2 + 188*o - 2078. What is q(15)?
-608
Let i(f) = -27*f**2 + 5773*f - 89439. Determine i(197).
-1
Let m(y) = 3*y**2 + 78*y - 39152. Give m(-128).
16
Let h(m) = -5892*m - 129737. Give h(-22).
-113
Let w(j) = -3*j**3 - 286*j**2 - 273*j - 16953. Give w(-95).
-43
Let a(n) = -312*n + 15356. What is a(50)?
-244
Let i(m) = m**3 + 222*m**2 - 9575*m - 248. What is i(37)?
48
Let a(x) = 3*x**2 - 20980*x + 167686. What is a(8)?
38
Let h(a) = -37*a**3 - 6513*a**2 - 225*a - 8598. What is h(-176)?
26
Let x(n) = -2*n**3 + 17*n**2 + 240*n - 2081. What is x(11)?
-46
Let y(j) = 99151*j + 495750. What is y(-5)?
-5
Let v(q) = -q**3 + 22*q**2 - 198*q + 1383. Give v(16).
-249
Let h(k) = -k**3 + 95*k**2 + 2678*k + 664. What is h(-23)?
1492
Let v(h) = 5*h**2 + 2079*h - 45872. What is v(21)?
-8
Let r(q) = -8771*q**2 + 412248*q - 523. What is r(47)?
-6
Let m(p) = -563*p - 1536. Give m(-1).
-973
Let z(p) = 2393*p**2 - 50256*p + 123. Give z(21).
60
Let h(k) = k**3 - 139*k**2 - 2274*k + 203576. Give h(145).
-4
Let l(w) = -5846*w**2 + 58490*w - 88. Give l(10).
212
Let g(o) = -4217*o - 168687. Give g(-40).
-7
Let y(s) = s**2 + 525*s - 49020. Calculate y(81).
66
Let z(x) = 226*x - 2395. Calculate z(0).
-2395
Let y(b) = -b**2 - 786*b + 12783. Determine y(16).
-49
Let m(w) = 16*w**2 - 1784*w + 2898. Give m(110).
258
Let d(c) = c**2 - 127*c + 3935. Determine d(92).
715
Let y(d) = 21*d**2 + 498*d - 1610. Give y(3).
73
Let v(t) = 406*t**2 + 3256*t + 102. Give v(-8).
38
Let g(j) = -3*j**3 - 832*j**2 + 559*j + 802. Determine g(-278).
-32
Let c(h) = -h**3 + 403*h**2 - 27265*h + 258. What is c(86)?
0
Let v(z) = 2*z**2 + 330*z + 9979. Give v(-125).
-21
Let i(z) = -770*z - 7136. Determine i(-9).
-206
Let s(d) = -d**3 + 11*d**2 + 193*d - 1902. Determine s(9).
-3
Let j(y) = -3*y**2 - 103*y + 541. Determine j(6).
-185
Let o(a) = 2506*a + 105254. Give o(-42).
2
Let r(s) = 486*s + 37428. What is r(-77)?
6
Let a(i) = i**3 + 27*i**2 - 76*i - 447. What is a(-30)?
-867
Let t(a) = 54777*a - 2191080. Calculate t(40).
0
Let h(t) = 24126*t - 24119. What is h(1)?
7
Let s(p) = 231*p + 3311. Calculate s(-24).
-2233
Let l(z) = 424019*z + 6360285. What is l(-15)?
0
Let s(f) = f**3 + 110*f**2 + 745*f + 95. Calculate s(-7).
-73
Let j(q) = 11*q**2 + 284*q - 1756. Determine j(6).
344
Let x(w) = -3289*w - 18761. Give x(-6).
973
Let t(d) = 76*d**2 + 1775*d - 9881. What is t(-28)?
3
Let y(o) = 2*o**2 - 1390*o + 37316. Give y(667).
-36
Let q(h) = h**3 + 15*h**2 - 57*h + 3. Give q(2).
-43
Let f(p) = -6*p**2 + 2*p - 51. Determine f(5).
-191
Let s(y) = -y**2 + 2820*y + 293. Give s(0).
293
Let o(c) = 2*c**3 + 3240*c**2 - 39174*c + 59. Determine o(12).
-13
Let n(o) = -885*o**3 - 36*o - 35. Give n(-1).
886
Let m(g) = -223*g**2 - 2883*g + 212. Give m(-13).
4
Let h(g) = 4*g**3 - 316*g**2 + 371*g - 693. Calculate h(78).
3909
Let y(m) = -4*m**2 + 4587*m + 1293927. Determine y(1381).
-70
Let i(f) = 10382*f + 169338. What is i(-16)?
3226
Let s(o) = -2*o**2 + 356*o - 10299. Determine s(38).
341
Let z(d) = 1081*d**2 + 21646*d + 518. Give z(-20).
-2
Let a(y) = 40*y**2 + 1557*y - 4778. What is a(3)?
253
Let p(v) = 13*v**2 - 2338*v + 35402. Calculate p(163).
-295
Let k(r) = -2*r**3 - 13*r**2 + 409*r + 2309. Give k(-15).
-1
Let x(b) = -175951*b - 39061129. Give x(-222).
-7
Let s(l) = -6*l**3 + 2*l**2 + 68955*l - 68956. Calculate s(1).
-5
Let d(g) = -440*g + 431. Calculate d(1).
-9
Let c(j) = j**2 - 124*j - 5116. Calculate c(-29).
-679
Let j(p) = 1339*p - 59321. What is j(44)?
-405
Let w(a) = 124262*a + 1118361. What is w(-9)?
3
Let v(p) = 189*p**2 - 2755*p - 652. What is v(15)?
548
Let c(h) = 249*h - 28377. Determine c(113).
-240
Let q(d) = -3*d**2 + 338203*d + 676412. Calculate q(-2).
-6
Let y(q) = -3793*q - 37935. Give y(-10).
-5
Let o(v) = 2*v**2 - 759*v + 28334. Calculate o(339).
875
Let h(z) = -977